emainder when l(b) is divided by h.
14
Let t be (-626)/(-10) - 4/(-10). Suppose -4*m - 3*w = -129 - t, -4*m - w = -184. Calculate the remainder when m is divided by 23.
22
Let h be 1/(-6) + 92/(-24). Let a = h - -17. Calculate the remainder when 23 is divided by a.
10
Let k be 14/4 + (-2)/4. Let x(u) = -3*u - u**2 - u**2 + 1 + 4*u**3 - 3*u**k + 5*u**2. What is the remainder when 19 is divided by x(-3)?
9
Let z = 9 - 4. Let a(g) = 2*g**2 - 3*g + 1. Suppose -2*u + 1 = -3. What is the remainder when z is divided by a(u)?
2
Suppose 3*s - 4*s - 6 = 0. Let a(v) = v**2 + 3*v + 9. Let x = 4 + 6. Calculate the remainder when a(s) is divided by x.
7
Calculate the remainder when 119 is divided by (32/6 - 2)*(-225)/(-50).
14
Let o(z) = -z**3 - 4*z**2 + 8*z - 5. Let h be ((-6)/15)/((-1)/(-65)). Let p = h + 36. Calculate the remainder when o(-6) is divided by p.
9
Let j(o) = -9*o - 3. Let q be j(2). Let r = q - -31. Calculate the remainder when r is divided by 4.
2
Suppose -3*g = -q - 67 - 51, g - 34 = 3*q. Let u = -4 - -1. Let y(k) = k**2 - 4*k. What is the remainder when g is divided by y(u)?
19
Let k = -3 + 5. Let r be k + (-3 - -3)*1. Calculate the remainder when (8/(-5))/(r/(-10)) is divided by 3.
2
Let d = 10 + -2. Let z(i) be the third derivative of 29*i**5/60 + i**4/24 + i**3/6 - 7*i**2. What is the remainder when z(-1) is divided by d?
5
Let w(g) = -5*g**3 + 6*g**2 + 4*g + 8. Let f be w(-8). Calculate the remainder when f/70 + 2/7 is divided by 15.
12
Calculate the remainder when 28 is divided by 2*((-85)/(-10) + -1).
13
Suppose 4*k = -k + 20. What is the remainder when (-3 - -5)/(k/34) is divided by (-46)/(-8) - (-2)/8?
5
Let r(b) = b**3 - 6*b**2 + 4*b - 1. What is the remainder when r(6) is divided by 8?
7
Let n(d) = -4*d**2 - d**2 + d**3 - 4 - 3 + 3*d. What is the remainder when 13 is divided by n(5)?
5
Let k = -10 + 20. Calculate the remainder when k is divided by 4.
2
Let z be (-16)/6 + 4/6. What is the remainder when 28 is divided by (40/(-12))/(z/9)?
13
Let f(b) = -b**3 + 18*b**2 - 17*b + 23. Calculate the remainder when 88 is divided by f(17).
19
Let q = 61 - 43. Let y = -25 + 13. Calculate the remainder when (-11 - y) + 70/1 is divided by q.
17
Let v(w) = -w**3 + w**2 + 26. Suppose -3*n - 6 = -0. Let x = -2 - n. What is the remainder when v(x) is divided by 14?
12
Let q be (2 + (-7)/3)*-3. Let n(v) = 378*v**2 - 2*v + 1. Let y be n(q). Suppose -4*l - 97 = -y. Calculate the remainder when l is divided by 18.
16
Suppose -5*s + 6 + 9 = 0. What is the remainder when 13 is divided by s?
1
Let i(x) be the third derivative of -x**4/12 - x**3 - 17*x**2. Suppose 0*n - k + 8 = -2*n, -8 = 4*k. What is the remainder when 7 is divided by i(n)?
3
Suppose -3*u + 4*u + 26 = 0. Let j be (-1)/(-2)*6 - -34. Let r = u + j. Calculate the remainder when r is divided by 4.
3
Suppose 0*f + 67 = f. Calculate the remainder when f is divided by 18.
13
Suppose 0 = 4*x + 37 - 249. Suppose -5*p = -3*p - 28. Calculate the remainder when x is divided by p.
11
Let i(l) = -l**3 + 7*l**2 + 8*l + 6. Let q be i(8). Suppose 0 = -q*f + 2*f + 100. What is the remainder when f is divided by 9?
7
Suppose g + g - 8 = 0. Suppose 7*x - g*x = 0. Suppose x = 4*r - 12, -t - 2*t - 12 = -5*r. What is the remainder when 2 is divided by t?
0
Suppose 2*j - 3 = 7. Suppose v = 2*h + 20, j*v = 2*v + 4*h + 58. Suppose 3*z = 6 + v. Calculate the remainder when 15 is divided by z.
7
Let s = 11 + -7. Suppose s*a + 3 + 9 = o, -2*a = 6. Suppose 4*n - 3*u - 2*u - 73 = o, -4*u + 16 = 3*n. Calculate the remainder when 23 is divided by n.
11
Let b = -3 - -13. Suppose b*f = 12*f - 18. What is the remainder when 25 is divided by f?
7
Suppose 0 = -o - o - 4. Let t be -3 + 4 - 2 - 0. What is the remainder when 5 is divided by 1 + (t + 1 - o)?
2
Let j = -8 + 3. Calculate the remainder when 19 is divided by (-4)/4*2*j.
9
Suppose 5 - 1 = 2*d. Suppose 10 = d*c - 6. Let x = -35 + 64. Calculate the remainder when x is divided by c.
5
Let u be 0 + 12/2 + -1. Suppose -2*x - i + u = -0, -x = 5*i - 7. What is the remainder when 2 is divided by x?
0
Let v = -15 + 27. Suppose 0*x + 2*x = 68. What is the remainder when x is divided by v?
10
Suppose o = 6*o. Suppose 2*u - 46 = -3*w, -3*w = 4*u - o*u - 56. What is the remainder when -5*14/(1*-2) is divided by w?
11
Let h be 4/6 + 381/9. Let b = h + -26. Calculate the remainder when b is divided by 6.
5
Suppose -9 = -0*c - 4*c + 5*i, -5*i = -2*c + 7. Let n = c + 18. Calculate the remainder when n is divided by 10.
9
Suppose -9*i - 12 = -5*i. What is the remainder when 21 is divided by i - (-3 + 8/(-1))?
5
Let o = -6 + 3. Let z(j) be the third derivative of -j**6/120 + j**5/20 + j**4/8 + 8*j**2. What is the remainder when z(o) is divided by 23?
22
Let d(s) = 2*s**2 + 8*s - 1. Suppose 5*k = -4*i + 68, -5*i - 5*k + 98 = 18. What is the remainder when d(-6) is divided by i?
11
Let u = 5 - 1. Suppose c = -4*i + 40, 3*i + u*c = 2*i - 5. Let s = 1012 - 991. Calculate the remainder when s is divided by i.
10
Suppose -2*k = -3*k + 15. What is the remainder when k is divided by 9?
6
Suppose -4*r + 136 = 3*s + 50, s - 22 = 2*r. Suppose -4*v = -s + 354. Calculate the remainder when 26 is divided by 2/6 + v/(-6).
12
Let h(n) = n**3 + 3*n - 5. What is the remainder when h(3) is divided by 17?
14
Let t = 406 - 290. Calculate the remainder when t is divided by 9.
8
Let y = 61 - 31. Calculate the remainder when 119 is divided by y.
29
Calculate the remainder when -2*(-7)/((-70)/(-125)) is divided by 7.
4
Suppose 3*v - 117 = -7*w + 4*w, w = 2*v - 93. What is the remainder when v is divided by 9?
8
Suppose -a - 35 = -6*a. Let y be (8/10)/((-1)/(-5)). Suppose -o + 3 = 0, i - a = 3*o - y*o. Calculate the remainder when 10 is divided by i.
2
What is the remainder when -75*((-50)/15 + 3) is divided by 15?
10
Let k(m) = m**2 - 3*m + 1. Calculate the remainder when k(-7) is divided by 19.
14
Suppose -3*z - 3*k = 0, 5*z - 2*k = 3*z - 12. Let b = -3 - z. Suppose x - 4*x + 75 = b. What is the remainder when x is divided by 9?
7
Suppose -191 = -5*d - 2*b, -d - 3*d - 3*b = -157. What is the remainder when d is divided by (-70)/(-4)*(-28)/(-49)?
7
Suppose -2*s + 0*s - 6 = 0. Let u be 0 - (0 + 1)*s. Suppose u*l = -5*j + 10, -5*j + 5*l + 8 = -j. What is the remainder when j is divided by 2?
0
Let b = 25 - 6. What is the remainder when 51 is divided by b?
13
Let n = -18 - -18. Suppose n*f - 5*f + 55 = 0. What is the remainder when 32 is divided by f?
10
Suppose 4*s - 8 = 3*g, 4*g - 3*g - 24 = -4*s. Suppose -6*q = -2*q - 20. Calculate the remainder when q is divided by g.
1
Suppose 0 = -a - 2*i + 36, -5*a - i + 88 = -2*a. Calculate the remainder when 111 is divided by a.
27
Suppose 0 = -27*c + 17*c + 30. Calculate the remainder when 16/(-3)*(-3)/2 is divided by c.
2
Let i = 1 + 4. Let t be 2*1*(i + -3). Suppose -5*h + 19 = -t*h. What is the remainder when 37 is divided by h?
18
Calculate the remainder when 7/(-1 - (-5)/4) is divided by 20/6*(1 - -2).
8
Suppose 0 = -3*c - 3*g - 2*g + 81, 38 = 2*c - 2*g. Calculate the remainder when c is divided by 13.
9
Let o be (1 - 2) + (-43)/1. Let r = -20 - o. Calculate the remainder when r is divided by ((-4)/(-4))/((-1)/(-13))*1.
11
Calculate the remainder when ((-6)/4 + 2)*38 is divided by 11.
8
Let s be (-2760)/(-27) + 4/(-18). Let x = s - 71. Let z(b) = -b**3 + 5*b**2 + 2*b + 6. What is the remainder when x is divided by z(5)?
15
Suppose p + 66 = 2*y - 67, 0 = -2*y + 2*p + 138. What is the remainder when y is divided by 13?
12
Let n be 1 - 2 - (1 + -2). Suppose 2*s - 132 + 48 = n. Calculate the remainder when s is divided by 22.
20
Suppose h = -h + 34. Calculate the remainder when 31 is divided by h.
14
What is the remainder when 123 is divided by 1/((-7)/(-439)) - 14/(-49)?
60
Suppose -12 + 2 = -2*w. Calculate the remainder when 1*(1 - 3 - -11) is divided by w.
4
Suppose -17*s + 661 = -104. Calculate the remainder when s is divided by 4.
1
Let d be (-21)/2*2/(-3). Let p(l) = l**3 - 8*l**2 + 10*l - 6. What is the remainder when 27 is divided by p(d)?
12
Let r(u) = -u**2 + 8*u + 13. Let w be r(9). Suppose -d - d + 5*n = w, d - 7 = -2*n. Calculate the remainder when 5 is divided by d.
2
Suppose 4*q - 57 = 3*l, 4*q + 5*l = -q + 45. Suppose -3*j + 47 + 19 = 0. Calcul